f s and 70.
10
Suppose -2*r = -16 - 2. Let m = -4 + r. Suppose -o + 22 = 4*f - 62, 0 = 3*o + m*f - 245. What is the greatest common divisor of o and 32?
16
Let i(z) = -17*z**3 + 2*z**2 + 2*z + 1. Let a be i(-1). Suppose 3*n + m = 3*m + 602, 986 = 5*n + m. What is the highest common divisor of a and n?
18
Let u be ((-4)/10)/((-1)/(-30)). Let k be (-2)/(-4)*u/(-2). Suppose 2*x = -k*x + 40. Calculate the highest common factor of x and 12.
4
Let o(n) = 3*n**2 - 3*n + 2. Let v be o(2). Let t = -117 - -176. Let r = t - -13. What is the highest common factor of v and r?
8
Suppose -2*f + v + 23 = -0*v, -4*v + 4 = 0. Let g = f - -48. Calculate the greatest common divisor of 12 and g.
12
Let c be 19/7 + 2/7. Suppose x - 60 = -2*x - 5*w, -c*x + 33 = -4*w. Calculate the greatest common divisor of 5 and x.
5
Suppose -7*h = -9*h. Suppose -w + 23 = 3*n - 0*w, 5*n - 3*w - 57 = h. Calculate the greatest common factor of 63 and n.
9
Suppose -2 - 2 = -i. Suppose 3 = l + 2. What is the greatest common divisor of l and i?
1
Suppose 5*d + 27 = 4*q + 4*d, 3*q - 49 = -5*d. Let w be (3/9)/((-1)/(-6)). Suppose -2 - w = 2*z, 3*z + 8 = 2*c. What is the greatest common divisor of c and q?
1
Suppose 3*q + 16 - 88 = 0. Let u be q*((-9)/(-12) - 0). Suppose u + 12 = 3*d. What is the highest common divisor of 50 and d?
10
Suppose -5*y - 5*q + 105 = 0, -11*y + 95 = -8*y - 5*q. Calculate the highest common divisor of y and 25.
25
Let v be (-4)/10 + 34/10. Let h(s) = -2*s + 1. Let b be h(-1). Calculate the highest common divisor of v and b.
3
Let y = -20 + 30. Suppose 0*k - 3*k = 0, -5 = 5*l - 5*k. Let j be (l - 19)*18/(-4). Calculate the greatest common divisor of j and y.
10
Let j be 41 - ((-15)/5 - 0). Calculate the highest common factor of 22 and j.
22
Suppose -5*o - 4*g + 148 = 0, -2*o + 35 = 5*g - 31. Calculate the highest common factor of o and 42.
14
Suppose -7*r - 5 = -19. What is the highest common factor of r and 2?
2
Suppose c - 100 = -c. Let t(j) = j**2 - 3*j - 8. Let s(i) = -i**3 - 2*i**2 + i + 1. Let x be s(-3). Let b be t(x). What is the highest common factor of b and c?
10
Suppose -3*r - 6 = 4*c, c = -3*r + 1 + 2. Suppose -114 = -3*a + 3*q, -r*q - 3*q - 30 = -a. Calculate the highest common factor of a and 16.
8
Let d = -64 + 84. Calculate the highest common divisor of d and 5.
5
Let g = 50 - 26. What is the greatest common divisor of g and 120?
24
Let w(d) = 2*d**3 - d**2. Let s be w(1). Calculate the greatest common factor of s and 1.
1
Let a be 4/2 + (176/4 - 8). What is the greatest common factor of a and 152?
38
Let q be (2 + -1)*(0 - 17). Let t = -8 - q. Calculate the highest common divisor of t and 6.
3
Suppose 3*n = 14 + 34. Let v = -1 - -5. Let r be (-64)/10*(v + -9). What is the highest common factor of r and n?
16
Let g be (-3)/(0 - 3/64). Let c(t) = t + 19. Let v be c(-11). Calculate the greatest common divisor of g and v.
8
Suppose -16 = p + 3*p, -f - 2*p = -15. Let n = 33 - f. Calculate the greatest common divisor of n and 20.
10
Let j = 76 + -34. What is the greatest common divisor of j and 6?
6
Suppose 0 = -5*v + 171 - 56. What is the highest common divisor of v and 23?
23
Let t be (3 + -3)/(-3) - -20. Let h = 18 - 9. Let k be (-3)/(h/6)*-15. What is the highest common divisor of t and k?
10
Suppose -3*v + 15 = 2*h, -h - 4*v = -3*v - 9. Calculate the greatest common divisor of h and 30.
6
Let l be ((-30)/4)/((-2)/4). Suppose 39 + l = b. Calculate the greatest common divisor of b and 6.
6
Let b = 6 - -2. Let r be 3/(-2)*b/(-6). Calculate the greatest common divisor of 10 and r.
2
Let h be (-1 + 31)*(-40)/(-12). What is the greatest common factor of 40 and h?
20
Let v = -25 + 46. Let s be v/((-4)/40*-3). What is the greatest common divisor of s and 28?
14
Suppose 2*r = 3*h + 18, h + 56 - 15 = 3*r. Let l(u) = -u**3 - 3*u**2. Let q be l(-3). Suppose -d + 5*d - 24 = q. What is the greatest common factor of d and r?
3
Suppose 4*h + 67 = -85. Let s = 87 + h. What is the highest common divisor of s and 7?
7
Let q = 3 - -3. What is the highest common factor of 18 and q?
6
Let d(t) = -t**3 + 5*t**2 + 7*t - 4. Let v be d(6). Suppose 2*m + 0 - 12 = 0. Let i = m - v. What is the greatest common factor of 6 and i?
2
Let u = 66 - -11. Calculate the greatest common factor of u and 7.
7
Let b(o) = o**3 - 7*o**2 + 10*o + 5. Let h be b(5). Calculate the highest common divisor of h and 25.
5
Suppose 0 = 2*h + 3*u - 69, -4*u + 131 = 4*h - 9. Let a = 1 + 1. Let s be (2/4)/(a/360). Calculate the greatest common factor of h and s.
18
Let u = -30 + 48. What is the greatest common factor of 18 and u?
18
Suppose 3*q = -l + 11, -3*q + 6 + 1 = 2*l. Let o = -45 + 75. What is the highest common factor of o and q?
5
Let w = 721 + -706. Let z(i) = -2*i**3 - 8*i**2 + i - 3. Let a be z(-6). What is the highest common divisor of a and w?
15
Let k(f) = f**3 - 8*f**2 + f - 2. Let x be k(8). Let n = 46 - 40. Calculate the highest common factor of x and n.
6
Let c = 31 + -29. Let d = -56 + 156. Suppose -4*t - d = -5*l, -3*l - 25 = -4*t - 93. What is the highest common divisor of c and l?
2
Suppose -o + 2*c = -20, -8*o + 3*o - 5*c = -100. Suppose -5*q = -5*i + 785, -4*i + 750 = 2*q + 104. What is the greatest common factor of i and o?
20
Let a(i) = 9*i**2 + 2*i + 2. Let k be a(-1). Suppose 0*d - 27 = -3*d. Calculate the highest common factor of k and d.
9
Let m(s) = s**3 + 7*s**2 - 7*s + 11. Let a be m(-8). Suppose 0 = -4*n - a*i + 23, n - 4*n = i - 16. Calculate the highest common divisor of 20 and n.
5
Let q be (36/(-5))/(17/(-85)). What is the highest common factor of 54 and q?
18
Let u(p) = -p. Suppose 0 = -2*x - 4*g + 14, -4*x - x - 5*g + 10 = 0. Let k be u(x). What is the greatest common factor of k and 6?
3
Let h = -15 - -7. Let p be (1 - 2) + h/(-2). Calculate the greatest common divisor of p and 33.
3
Let n be ((-12)/8)/((-2)/(-4)). Let u(l) = -l**2 - 3*l + 2. Let v be u(n). Suppose -5*t = -v*t - 90. Calculate the greatest common factor of t and 10.
10
Let i(a) = -a + 14. Let d be i(8). Suppose 0*s + 10 = 5*s. Suppose -6*l + s*l + 96 = 0. Calculate the greatest common divisor of d and l.
6
Suppose -34 = -n + 136. Let b = 5 - 3. Suppose l = -b*l + 51. What is the greatest common divisor of l and n?
17
Let q(j) = j**2 - 7*j - 12. Let r be q(12). Let c(a) = -a**2 - 19*a - 2. Let t be c(-17). What is the highest common factor of t and r?
16
Let b be ((-3)/(-3))/((-3)/(-33)). Let r be 4/(4/b)*9. What is the highest common factor of 11 and r?
11
Suppose 5*g + 2 = 5*n - 3, -23 = -5*g - 2*n. Let l be 16/g + (-12)/(-18). What is the greatest common divisor of l and 42?
6
Let h(c) = -c**2 + 7*c + 3. Let d = 12 - 7. Let s be 27/d - 4/10. Let r be h(s). What is the greatest common divisor of r and 117?
13
Let h be (-14)/4 + 9/(-18). Let a be 10 + h/1 + 1. Calculate the highest common factor of 63 and a.
7
Suppose 4*d - 483 = -c, 3*c + c - 132 = -d. Calculate the greatest common divisor of d and 15.
15
Let k be 42/11 - (-6)/33. Suppose -y + 8 = 4*d - k*y, -2*y - 13 = 5*d. Let g = 12 - d. What is the highest common factor of 143 and g?
13
Let f be 1*18*(-11)/(-2). Let p(m) = m + 14. Let b be 12/30 - (-54)/(-10). Let s be p(b). What is the highest common divisor of f and s?
9
Let d(x) = 10*x**2 + x + 6. Let h be d(-2). Calculate the highest common divisor of h and 11.
11
Suppose 3*k - 28 - 16 = -5*w, -3*k + 48 = 3*w. Suppose -5*d = -6*d + 162. Calculate the greatest common divisor of k and d.
18
Suppose 0 = p - 26 - 10. What is the highest common divisor of p and 12?
12
Suppose 5*o = -5*n + 74 + 31, 0 = -2*o - 5*n + 39. What is the highest common divisor of o and 198?
22
Let t be (-4)/(16/(-20))*3. Calculate the greatest common divisor of 45 and t.
15
Suppose 537 = -7*u + 2833. Calculate the highest common divisor of 41 and u.
41
Let q(l) = -l**3 + l**2 + 7*l + 1. Let d be q(-3). Calculate the highest common divisor of 144 and d.
16
Suppose -5*s - 21 = -86. Let y = 560 - 165. Let f = y - 278. What is the highest common factor of f and s?
13
Let l be 12 - 3/((-6)/(-4)). Suppose 3*d - 274 = 2*v, -3*d + 444 = 2*d + 3*v. Calculate the highest common divisor of l and d.
10
Suppose -2*u - 3*u + 15 = 0. Suppose -u*t + 5*t = 8. Suppose 2*z + z - 4*v = 40, 22 = 2*z - 5*v. What is the highest commo